vided by d.
8
Let k(f) = 2*f + 9. Let m(l) = -l + 20. Let o be m(15). Suppose -3*p + 341 = 2*z, -392 - 167 = -5*p - z. Calculate the remainder when p is divided by k(o).
16
Let l = 54 - 29. Calculate the remainder when -117*7/(-63) - -20 is divided by l.
8
Let k(z) = 2*z**2 - 7*z + 7. Let h be k(1). Let i be (0 - (-1 + 2))*(h - 2). Suppose i = -o - 10*o + 22. Calculate the remainder when 2 is divided by o.
0
Let c(d) = -271*d - 285*d + 569*d + 111. What is the remainder when 204 is divided by c(-3)?
60
Suppose 1655 - 4283 = -18*k. Calculate the remainder when 2332 is divided by k.
142
Let z = 37 + -20. Let k(f) = -2*f**2 + 434*f - 1672. Calculate the remainder when k(4) is divided by z.
15
Let y(u) = -u**3 - 52*u**2 - 53*u - 92. What is the remainder when 35 is divided by y(-51)?
5
Let w(y) = 3*y**2 + 12*y - 85. Let o be w(6). Let a = 112 - o. What is the remainder when 32 is divided by a?
15
Let a(m) be the first derivative of m**3/3 - 25*m**2/2 - 132*m + 108. Calculate the remainder when a(-5) is divided by 12.
6
Suppose -3*c + 4*h + 10 = -25, -10 = -2*c - 4*h. Suppose 0 = c*u + 65 - 695. Suppose -2*f + u = 3*f. What is the remainder when f is divided by 8?
6
Suppose 0 = -21*i + 15*i - 564. Let r = -69 - i. Calculate the remainder when r is divided by 7.
4
Let h = -105 + 196. Suppose 469*g - 24145 + 1164 = 0. Calculate the remainder when h is divided by g.
42
Let u = -218 - -204. Calculate the remainder when 125 is divided by ((-357)/u + 6)/((-1)/(-2)).
62
Suppose 0 = 4*d - 4*f - 976, 3*d - 4*f + 58 = 794. Suppose -g - t - d = -5*g, -2*t + 169 = 3*g. Calculate the remainder when 293 is divided by g.
57
Let u(i) = 2*i - 19. Let v be u(-7). What is the remainder when 72 is divided by (v/(-22))/((9/(-78))/(-1))?
7
Suppose 0 = -5*g + 59 + 11. Let l = -33 + 40. Suppose l*n = -3*n + 540. Calculate the remainder when n is divided by g.
12
Let x = 125 - -33. What is the remainder when 630 is divided by x?
156
Let w = 42 + -45. Let u be 2/w - -1*(-76)/(-6). Suppose u*x + 55 = 17*x. What is the remainder when 21 is divided by x?
10
Let u = 131 - 324. Calculate the remainder when u/(-8) + 2 + 8/(-64) is divided by 7.
5
Calculate the remainder when (-268)/(-6)*(-6)/(-4) is divided by ((-10)/(-60)*-18)/(3/(-5)).
2
Let u(z) = 4 - 2*z**2 - 40 + 19 + z**3 - 2*z**2 - 17*z. What is the remainder when 25 is divided by u(7)?
3
Suppose 15*k + 33 = 12*k. Let a(n) = -6*n - 12. Suppose 20 = 5*t - 50. Calculate the remainder when a(k) is divided by t.
12
Let b = 3154 - 3147. What is the remainder when 195 is divided by b?
6
Suppose 0 = 881*f - 803*f - 8268. Let o(p) = -p**2 + 14*p - 17. Calculate the remainder when f is divided by o(7).
10
Let l(m) = 6*m + 55. Let p be l(-4). Suppose 157 = 2*q + p. Let x(z) = 6*z**2 + 2*z + 2. What is the remainder when q is divided by x(-2)?
19
Suppose -2*b = 685*x - 690*x + 272, -18 = 3*b. Calculate the remainder when 5873 is divided by x.
49
Let p(y) = 3*y**2 - 355*y - 1068. Let r(o) = 4*o + 1. Let m be r(-1). Calculate the remainder when p(-3) is divided by 2 + 9 - (1 + m).
11
Suppose -19*p = 105*p - 89 - 159. Let z = 5 - -3. What is the remainder when z is divided by p?
0
Let r = -96818 - -97126. What is the remainder when r is divided by (48/(-10))/((-2)/10)?
20
Let u = 15 - 4. Let j = 26 - u. Let q = j + -4. What is the remainder when 20 is divided by q?
9
Suppose 2*t - 87 = -3*z, 2*t + 195 = -5*z + 288. What is the remainder when 182 is divided by t?
26
Let a = -21803 + 32120. Calculate the remainder when a is divided by 120.
117
Suppose -3988 + 6028 = 15*f. Calculate the remainder when 9790 is divided by f.
134
Let a(j) = 151*j - 3812. Calculate the remainder when a(26) is divided by 59.
55
Suppose -4*l = 8*l + 204. Let j = -57 - l. Let q = j + 123. What is the remainder when q is divided by 21?
20
Calculate the remainder when 3/2 + 1242/4 is divided by 234.
78
Let s(q) = 2*q**3 + q**2 - 2*q + 2. Let i be s(1). Suppose 66 = 9*a - i*a. What is the remainder when 40 is divided by a?
7
Let w(n) = -n**2 + 4*n + 257. Calculate the remainder when 378 is divided by w(-14).
3
Let u(x) = 8*x**3 + 4*x**2 - 2*x - 13. Let q be u(-3). Let d = q - -191. Calculate the remainder when (-490)/(-18) - 2/9 is divided by d.
3
Suppose 2*g + 902 = 3376 + 1218. Calculate the remainder when g is divided by 614.
4
Let t be 3/(-21) + (-372)/(-7). Suppose 7 = -2*c + t. Suppose -2*y + 24 = 5*j, -y = 2*j - 3 - 6. Calculate the remainder when c is divided by j.
5
Suppose -2*i + 8 = -4*c, -6 = 2*i - 5*c - 16. Suppose -3*r + 7 + 35 = i. Calculate the remainder when 250 is divided by r.
12
Let l be 1085/(1*(-4)/8). What is the remainder when 25/(-15) - -3 - l/6 is divided by 52?
51
Calculate the remainder when ((-132960)/8)/(-12) + -13 is divided by 23.
15
Let t = -71 + 83. Suppose -s = 4*s + 3*v + 39, 4*v = 4*s + t. Calculate the remainder when 140 is divided by 3/((77/s)/(-11) + -1).
14
Suppose -4*j + 150 = 3*i, 15*i = 16*i - 2*j - 50. What is the remainder when 249 is divided by i?
49
What is the remainder when ((-76)/114)/(18/(-4497)) - (-4)/9 is divided by 86?
81
Suppose 568 + 3738 + 242 = 12*y. What is the remainder when y is divided by 35?
29
Suppose -44*j = -3882 - 386. Let a(i) = 2*i**2 - 4*i + 3. What is the remainder when j is divided by a(5)?
31
Let f(r) = -r**2 + 4*r + 1. Let b be f(3). Suppose -b*g + 134 = -d, -4*g - 5*d + 139 = -7. What is the remainder when g is divided by 6?
4
Suppose -50788 - 64708 + 18476 = -98*x. What is the remainder when x is divided by 487?
16
Let s(m) be the second derivative of 7*m**3/6 - 14*m**2 - 97*m + 2. What is the remainder when s(22) is divided by 32?
30
Let u = 73 + -50. Let t = -437 - -469. What is the remainder when t is divided by u?
9
Let d = 211 - 148. Let x = 63 - d. Suppose x = 5*t - 32 - 53. Calculate the remainder when 82 is divided by t.
14
Suppose -116*t - 15141 - 27374 = -171*t. What is the remainder when 781 is divided by t?
8
What is the remainder when 1716 is divided by (-6)/4*1870/(-165)?
16
Suppose 2*v - 35 = -2*w - 3*v, 3*w + 5 = 4*v. Let z(g) = g**2 + 359*g + 9158. What is the remainder when z(-27) is divided by w?
4
Let q(w) = 1314*w**3 - 4*w**2 + 64*w - 62. What is the remainder when q(1) is divided by 358?
238
Suppose -h = p - 12, -p + 4*h = -0*h - 17. Suppose -554*j + 461615 = 51*j. What is the remainder when j is divided by p?
9
Suppose -112*f + 33*f = -4424. What is the remainder when 74 is divided by f?
18
Suppose 5*x - 800 = 40*u - 35*u, -3 = -u. What is the remainder when x is divided by 115?
48
Let g = 3032 - 2816. What is the remainder when 1938 is divided by g?
210
Let g(x) = x**3 - 5*x**2 - 4*x + 4. Let p = -366 - -366. Suppose -407*b + 409*b - 92 = p. What is the remainder when b is divided by g(6)?
14
Suppose 194 = 4*u - 78. What is the remainder when -29 + 10287/18 - (-3)/6 is divided by u?
67
Suppose 1257 = 3*u + 2*h, 4*u - 179*h + 176*h - 1676 = 0. What is the remainder when u is divided by 167?
85
Let d(r) = r**2 - 26*r - 269. Let u be d(34). What is the remainder when 8/(-4) + (50 - 0) is divided by 15/(-2)*(u + 26/(-6))?
8
What is the remainder when 752 is divided by 6/(-4)*420/(-126)?
2
Suppose -5*c = -o - 225, -3*o + 115 + 90 = 5*c. Suppose -d + 44 = 5*a, 16*a - 13*a - c = -d. What is the remainder when 174 is divided by d?
42
Let q(h) = -2*h + 18. Let u be q(9). Suppose u = 2*t - 3*t + 5*k + 124, 0 = 2*t - 2*k - 232. Let z = t + 16. What is the remainder when z is divided by 33?
31
Let v(t) be the third derivative of -t**4/8 - 25*t**3/2 + 39*t**2. Suppose -3 = r, 0 = 4*s - 2*s + 3*r + 7. Calculate the remainder when v(-26) is divided by s.
0
Let f(c) = -c**2 + 2*c + 9 + 7*c + 0*c**2 - 11. Suppose 0 = -5*z - 3*y + 309, 2*z + 5*y - 43 - 73 = 0. Calculate the remainder when z is divided by f(6).
15
Suppose -4*h = -2*u + 68, -5*u - 3*h + 165 = -8*h. Calculate the remainder when -3 - (32/u)/(1/(-357)) is divided by 20.
14
Let t = 7196 + -7162. Suppose -3 + 0 = -s + x, 4*s + 5*x - 30 = 0. Calculate the remainder when t is divided by s.
4
Let k(l) = -40*l**3 - 6*l**2 + 8*l + 12. Calculate the remainder when 835 is divided by k(-1).
37
Let u = 329 + -227. Let n = u + 102. What is the remainder when n is divided by 8?
4
Let u(w) = w**3 - 18*w**2 + 118*w - 23. What is th